3 a prime number?
False
Is 75453527 a prime number?
True
Is 6000695 a composite number?
True
Is 32211281 composite?
True
Is 13353811 a prime number?
True
Is 66758963 a composite number?
False
Is 290257 composite?
True
Is 167133 a prime number?
False
Is 21921895 composite?
True
Is 2968133 a prime number?
False
Is 1403981 a prime number?
True
Is 2570291 prime?
False
Is 19277827 a prime number?
False
Is 72299 a prime number?
False
Is 27222703 a composite number?
True
Is 765683 a composite number?
True
Is 52425917 composite?
False
Is 2112763 a composite number?
True
Is 232575443 prime?
False
Is 56581607 a composite number?
False
Is 12202571 a composite number?
True
Is 862051 prime?
False
Is 24984691 a composite number?
False
Is 453907 a composite number?
False
Is 42548437 a prime number?
True
Is 9781507 a composite number?
True
Is 13995221 a prime number?
False
Is 501841 prime?
True
Is 1431301 prime?
False
Is 22116527 composite?
False
Is 210423659 a composite number?
False
Is 11409887 prime?
True
Is 1622293 composite?
True
Is 538921 composite?
False
Is 623888591 a composite number?
True
Is 284805887 a prime number?
True
Is 116536207 composite?
True
Is 3040517 a prime number?
True
Is 245170591 a composite number?
True
Is 81552481 a composite number?
True
Is 112121 a composite number?
False
Is 158572177 a composite number?
False
Is 622177 prime?
True
Is 1433581 composite?
False
Is 388241173 a composite number?
True
Is 61585597 composite?
True
Is 234200501 composite?
False
Is 15391762 a prime number?
False
Is 890671 prime?
True
Is 36459407 prime?
False
Is 3775607 a composite number?
True
Is 15731431 prime?
True
Is 2796203 composite?
False
Is 1761402367 a composite number?
False
Is 206981 prime?
False
Is 2027713 a composite number?
False
Is 1475513519 a prime number?
True
Is 589807403 a prime number?
True
Is 36315959 prime?
False
Is 151052789 a composite number?
True
Is 3189257 composite?
True
Is 53877923 composite?
True
Is 81602291 prime?
True
Is 2981057 composite?
False
Is 1455329 composite?
False
Is 71425031 a prime number?
False
Is 18534137 a prime number?
True
Is 2325066747 a composite number?
True
Is 10047743 a prime number?
True
Is 450845323 a prime number?
True
Is 7471837 composite?
True
Is 10312633 composite?
False
Is 1074329 a prime number?
True
Is 30260606 a composite number?
True
Is 10421207 a composite number?
False
Is 635814719 a prime number?
True
Is 995983 a composite number?
False
Is 7139809 a composite number?
False
Is 150509635 prime?
False
Is 31121243 a composite number?
True
Is 121104079 a composite number?
False
Is 67106231 composite?
False
Is 113809 a composite number?
False
Is 12136361 a composite number?
False
Is 47527547 prime?
True
Is 180293213 prime?
True
Is 7372822 a composite number?
True
Is 18210839 composite?
False
Is 670337 a prime number?
False
Is 13063987 a prime number?
True
Is 5566361 composite?
True
Is 1737185 a prime number?
False
Is 10674097 prime?
False
Is 212824609 prime?
True
Is 216888523 a prime number?
False
Is 30973 composite?
True
Is 6997733 a composite number?
False
Is 53487965 a composite number?
True
Is 96829043 a prime number?
False
Is 10768697 prime?
True
Is 6614323 a composite number?
False
Is 13632469 a composite number?
False
Is 228217123 prime?
True
Is 23737949 composite?
True
Is 95537327 a composite number?
False
Is 9459581 prime?
False
Is 13329157 prime?
True
Is 6928337 composite?
True
Is 203081909 composite?
False
Is 880205 prime?
False
Is 68813 a composite number?
False
Is 477719063 a prime number?
True
Is 2507807 a composite number?
True
Is 54969677 prime?
False
Is 3020161 composite?
False
Is 54291441 a composite number?
True
Is 33721877 a prime number?
False
Is 319696154 a prime number?
False
Is 9315959 prime?
True
Is 6969983 a composite number?
True
Is 459379 prime?
False
Is 36755627 a prime number?
True
Is 8215231 a prime number?
False
Is 2764087 a composite number?
False
Is 56035691 a composite number?
False
Is 62771911 prime?
False
Is 87380597 prime?
True
Is 13094057 prime?
True
Is 227952467 a prime number?
True
Is 15491093 a composite number?
False
Is 245223679 composite?
True
Is 378966109 a composite number?
False
Is 954097 prime?
True
Is 998250191 a prime number?
True
Is 11780417 prime?
False
Is 445408817 prime?
False
Is 74099483 a prime number?
False
Is 54213899 composite?
False
Is 5685917 a composite number?
True
Is 1684283 a prime number?
True
Is 1266801 a composite number?
True
Is 7693243 a composite number?
False
Is 307015 composite?
True
Is 1312847 prime?
True
Is 280015367 a composite number?
True
Is 815984489 composite?
False
Is 3173189 a composite number?
False
Is 27955353 composite?
True
Is 359348035 composite?
True
Is 21600179 composite?
True
Is 37338958 composite?
True
Is 73639073 composite?
False
Is 52007849 composite?
False
Is 359621 prime?
True
Is 22327805 composite?
True
Is 237371657 a prime number?
True
Is 1162410883 prime?
True
Is 35179619 composite?
False
Is 467341 a composite number?
True
Is 3040489 prime?
True
Is 145791739 a composite number?
False
Is 658627 composite?
True
Is 135251563 a prime number?
False
Is 1021003351 prime?
False
Is 112494889 a prime number?
False
Is 9563839 a composite number?
False
Is 394909 a prime number?
False
Is 25296077 a composite number?
True
Is 2438959 a composite number?
True
Is 981381 composite?
True
Is 504584939 a prime number?
False
Is 830062378 a prime number?
False
Is 494251 a prime number?
True
Is 11589077 a composite number?
False
Is 2019427 a composite number?
True
Is 10397771 a composite number?
True
Is 14727365 composite?
True
Is 2320127 composite?
False
Is 2433201 composite?
True
Is 45165269 a composite number?
False
Is 56028461 a prime number?
False
Is 6322049 a composite number?
False
Is 57293369 prime?
False
Is 3074677 a composite number?
False
Is 8420833 a composite number?
False
Is 36719021 a prime number?
True
Is 54577153 a composite number?
False
Is 8700239 prime?
True
Is 29688673 a prime number?
False
Is 15624769 composite?
False
Is 901811 prime?
True
Is 101727749 prime?
False
Is 142190663 a prime number?
True
Is 3967429 a prime number?
True
Is 3961147 a composite number?
False
Is 269513473 composite?
True
Is 112163 composite?
False
Is 1720757 prime?
False
Is 410141 a composite number?
False
Is 64360238 a composite number?
True
Is 155371 a composite number?
False
Is 13055333 a prime number?
True
Is 586951 composite?
False
Is 2561291 composite?
False
Is 14841209 composite?
False
Is 68144353 composite?
False
Is 19818941 a prime number?
True
Is 205489703 composite?
False
Is 516727 prime?
True
Is 60645913 a composite number?
True
Is 53560907 a composite number?
False
Is 16747537 a prime number?
True
Is 458944247 a composite number?
False
Is 3402563 a composite number?
False
Is 5065717 prime?
False
Is 795396989 a prime number?
True
Is 70976083 a composite number?
False
Is 1347641 prime?
False
Is 67503193 a composite number?
False
Is 16162739 a composite number?
False
Is 396833 prime?
True
Is 262512307 prime?
False
Is 3346699 composite?
True
Is 14933813 composite?
False
Is 3186247 a prime number?
False
Is 47723359 prime?
False
Is 365646367 prime?
True
Is 421237 a composite number?
True
Is 44118601 a prime number?
True
Is 822886331 a composite number?
False
Is 2037181 composite?
True
Is 93919219 composite?
False
Is 81707789 composite?
False
Is 968945 a prime number?
False
Is 72040541 prime?
True
Is 17226523 a prime number?
True
Is 2917531 composite?
True
Is 25929173 a prime number?
True
Is 1001783 a prime number?
True
Is 47103657 prime?
False
Is 47033573 composite?
True
Is 65829247 a composite number?
True
Is 3867419 a composite number?
True
Is 655049 prime?
False
Is 297217219 composite?
True
Is 811729 composite?
False
Is 1494799 a composite number?
False
Is 290126 a prime number?
False
Is 3282791 composite?
False
Is 60191797 a prime number?
True
Is 12702829 a prime number?
False
Is 382375859 composite?
False
Is 104160214 prime?
False
Is 3089857 prime?
True
Is 2551161 a prime number?
False
Is 9483647 a prime number?
False
Is 2203843 a prime number?
True
Is 120024647 composite?
False
Is 655807 composite?
False
Is 2063641 composite?
True
Is 50627 composite?
False
Is 2281549 composite?
True
Is 53380507 a composite num